e the second derivative of p**4/2 + p**3/6 + p**2 - p. What are the prime factors of z(-2)?
2, 3
Let r be (-18)/(-30) - (-47)/5. What are the prime factors of 904/40 + 4/r?
23
Suppose 2*f + 15 = -3*f. Let x(k) = -2*k - 4. List the prime factors of x(f).
2
Let j = 8 + 12. Suppose -3*w + j = -4. What are the prime factors of w?
2
Suppose 0 = -4*g + 7*g - 6. Suppose g*t = 17 + 19. What are the prime factors of t?
2, 3
Suppose 0*b = b - 2. Suppose 0*a = -b*a. Suppose -5*l + 4*l + 11 = a. List the prime factors of l.
11
Let z(g) = g + 12. Let q be z(-9). Let c(k) = -2*k**3 - 2*k**q - k + 3*k**3 + 5 + 7*k - 6*k**2. List the prime factors of c(-7).
2, 3
Let w(t) be the third derivative of -2*t**2 + 0 - 1/20*t**5 - 1/120*t**6 + 1/3*t**3 - 1/12*t**4 + 0*t. What are the prime factors of w(-3)?
2
Let w be (26/4 - 1)*-2. Let f = 1 - w. What are the prime factors of f?
2, 3
Let i(f) = -96*f**3 + f + 1. Let t be i(-1). Suppose 8*s - 5*s - t = 0. List the prime factors of s.
2
What are the prime factors of 658/(-28)*(-1 - 1)?
47
Let p be 66/(-15) + (-6)/(-15). Let g = 0 + -1. What are the prime factors of (p/(-6))/(g/(-15))?
2, 5
Let n(q) = q**3 + 15*q**2 - 3*q - 22. Let x be -4 + (-2)/((-6)/(-33)). What are the prime factors of n(x)?
23
Suppose -k - 33 = 2*z - 0*z, 5*k = -4*z - 183. Let u = k + 63. Suppose 4*w - u = -0*i - 4*i, w = -4*i + 18. What are the prime factors of i?
2
Let w = 463 - 231. What are the prime factors of w?
2, 29
Let v be (6 + 0)*(-2)/(-3). Let g(a) = 8*a - 1. Let o(f) = -9*f + 1. Let j(x) = 7*g(x) + 6*o(x). List the prime factors of j(v).
7
Let z(n) = 27*n - 11. Let i be z(5). Suppose m - 2*p - 34 = 0, 5*p + i = -0*m + 4*m. List the prime factors of m.
2, 13
Let t = 50 - -7. List the prime factors of t.
3, 19
Suppose l + 4 = 6. Suppose 0 = l*o + 5*c - 25, c - 16 = -5*o + 35. List the prime factors of o.
2, 5
Let b be (-4 - (1 - 12)) + -3. Suppose -11 = -3*k - 2*l + 4, -4*l = k + 5. Suppose 0 = -b*u + 5*g + 21, -1 = u - g - k. List the prime factors of u.
3
What are the prime factors of 1 - (-44)/((-8)/(-4))?
23
What are the prime factors of (-1161)/(-6) - -6 - (-1)/2?
2, 5
Let h(g) = -g**3 + 8*g**2 - 3*g - 1. Let d be h(7). Suppose -4*r + 2*l = r - 141, 0 = r - l - d. Let b = -14 + r. List the prime factors of b.
3, 5
Let f = -3 - -5. Let m be 0/((-3 + 1)/2). Let a = f + m. What are the prime factors of a?
2
Let q(r) be the third derivative of -r**5/60 - r**4/24 + 7*r**3/3 - 36*r**2. Suppose -3*x = -8*x. List the prime factors of q(x).
2, 7
Let q(d) = d**3 + 4*d**2 - 2*d - 1. Let f(h) = h**3 - h**2 - h - 7. Let u be f(0). Let j = u - -3. List the prime factors of q(j).
7
Suppose -4*j = 11 + 5. Let c(r) = 2*r**2 + 5*r + 9. Let b(s) = -4*s**2 - 10*s - 19. Let w(v) = 3*b(v) + 7*c(v). What are the prime factors of w(j)?
2, 3
Suppose -3*o + 1 = -2*r, 2*r = -2*o - o - 31. Let h = 21 + r. What are the prime factors of h?
13
Let k(t) = 2*t + 5. Let n be 4*3/(18/(-3)). Let b(q) = -q - 5. Let h(m) = n*k(m) - 3*b(m). What are the prime factors of h(0)?
5
What are the prime factors of (-8)/4 - (1 - 32)?
29
Let m = 4 + -14. Let s = m + 17. What are the prime factors of s?
7
Suppose 0*t - 2*t + 12 = 0. Let g(v) = 2*v. Let h be g(t). Suppose 4*r - 28 = h. List the prime factors of r.
2, 5
Suppose -2*g - 11 = 5*z, 6*z + 9 = 3*z. Suppose 0 = -d + g - 4. Let y = d + 6. List the prime factors of y.
2
Let n(x) = -x**2 + x + 43. What are the prime factors of n(0)?
43
Let r be (5 + -3)*-1 - -7. Suppose -126 = -r*b - 21. List the prime factors of b.
3, 7
Suppose 0 = -5*w + 184 + 71. Let y = -29 + w. Suppose -3*z - y = -5*z. What are the prime factors of z?
11
Let k(b) = b**2 - 7*b - 11. Suppose 2*m - 4*m + 22 = 0. List the prime factors of k(m).
3, 11
Suppose y - 2*s - 4 = -y, 0 = 5*s + 5. Let g = y + 5. List the prime factors of g.
2, 3
Suppose 2*g = -k + 3*g + 45, k = 2*g + 44. What are the prime factors of k/3 + 3/(-9)?
3, 5
Suppose 0 = j - a - 4, -3*j + 23 = 3*a + 5. Suppose 0 = -h + j*h - 24. Suppose 5*r - h - 84 = -5*m, 0 = m + 2*r - 18. List the prime factors of m.
2, 3
Let n(t) = -14*t**2 - 6*t. Let w(r) = -29*r**2 - 13*r. Let m(f) = -13*n(f) + 6*w(f). What are the prime factors of m(-1)?
2
Let d be (12/(-8))/((-3)/8). Suppose -5*z + 92 = 3*m, -3*z + d = -2*z. List the prime factors of m.
2, 3
Suppose -n = -2*n, 3*n = -5*t + 30. Let l(s) be the second derivative of -s**5/20 + 5*s**4/12 + 7*s**3/6 + 3*s**2 + 2*s. What are the prime factors of l(t)?
2, 3
What are the prime factors of (3 + 26)*(0 + 1)?
29
Let u(t) = -145*t + 8. What are the prime factors of u(-1)?
3, 17
Let y = -20 + 10. Let x = -1 - y. What are the prime factors of x?
3
Let l(v) be the first derivative of v**4/4 + 3*v**3 + 9*v**2/2 + 12*v + 5. Let c(n) = -7*n**3 - n. Let w be c(1). List the prime factors of l(w).
2
Let g = -95 + 35. Let c = g + 104. What are the prime factors of c?
2, 11
Let u = 94 - 52. Suppose m = 3*m + u. Let i = -11 - m. List the prime factors of i.
2, 5
Suppose d + 58 = 3*d - 4*f, -f = -4*d + 81. What are the prime factors of d?
19
Let z = -12 - -15. Suppose 0*a - 78 = -z*a. List the prime factors of a.
2, 13
Let y be (0 - 0) + -4 + 23. Let w = -14 + y. List the prime factors of w.
5
Let w(h) = -2*h**3 - 2*h**2 - h - 2. Let t be (-6)/(-5)*(-10)/(-3). Let y be ((-2)/(-5))/(t/(-20)). List the prime factors of w(y).
2
Let v(o) = 2*o - 7. Let m be v(5). Suppose -m*q + 84 = -q. What are the prime factors of q?
2, 3, 7
Let n(b) = 13*b**2 + 2. Let v be n(2). Suppose 3*p = -0*p + v. What are the prime factors of p?
2, 3
Suppose 4*l - 17 = 2*l - 5*f, 3*l - 6 = -f. Let u be (l + -2 + -24)/(-1). Suppose 11*m = 6*m + u. List the prime factors of m.
5
Suppose 0 = i - 23 - 52. List the prime factors of i.
3, 5
Let r be 326/22 + 4/22. Let q = r + -27. Let z = q + 20. What are the prime factors of z?
2
Suppose n - 2*n + 142 = 2*x, -3*n - 231 = -3*x. What are the prime factors of x?
73
Let a = -54 + 13. Let v = a - -73. What are the prime factors of (2/4)/(1/v)?
2
Let l = 5 + 5. Suppose 0 = 4*v + y - 43, 0 = 5*y + l - 5. What are the prime factors of v?
11
Let j(x) = x**2 - 4*x - 4. Let o be j(4). Let b(p) = -p**3 - 4*p**2 - 2*p - 5. Let c be b(o). What are the prime factors of ((-9)/3)/(c/(-4))?
2
Suppose 2*w = w + 7. Let g(z) = z**3 - 8*z**2 + 7*z. Let m be g(w). List the prime factors of m + 2 + (9 - -1).
2, 3
Let j(n) = -3*n + 21. List the prime factors of j(-15).
2, 3, 11
Suppose 6*z + 58 = 8*z. List the prime factors of z.
29
Let w be (-3 + 0 - -43)*1. Suppose 3*a + 2*d - 124 = 0, 5*d - w - 99 = -3*a. List the prime factors of a.
2, 19
Let n be 90/25 + (-4)/(-10). Let t be (4/6)/(n/186). List the prime factors of (-1)/(-4) - t/(-4).
2
Let h(t) = -t**3 + 9*t**2 + 10*t - 27. List the prime factors of h(9).
3, 7
Let m be (-4)/(-14) + (-234)/(-63). Suppose 74 = m*r - 66. List the prime factors of r.
5, 7
Suppose -45 = -w - 5. What are the prime factors of w?
2, 5
Let j(b) = -b**2 - 11*b - 10. List the prime factors of j(-8).
2, 7
Let x = 6 + -7. Let i = x - 3. List the prime factors of 27/2 - 6/i.
3, 5
Let y be 4 + 0 + (-1 - 2). Suppose 3*b = 5 + y. List the prime factors of b.
2
Let x = 13 - 10. Suppose x*f = 16 + 38. List the prime factors of f.
2, 3
Suppose -14*j + 40 = -9*j. What are the prime factors of j?
2
Suppose -10 = 7*x - 5*x. Suppose -4*z + 2*z = 2*l - 14, -5*l + 37 = 4*z. Let b = l + x. List the prime factors of b.
2
Suppose 36 = 5*v - 9. Suppose -5*i = 5*y - 30, -3*i + v = 2*y - 9. List the prime factors of i.
2, 3
What are the prime factors of (12/14)/(9/42)?
2
Let u(p) = -p**3 - 4*p**2 + 6*p + 7. Let w be u(-5). Suppose c + 2*z - 13 = 0, 3*c - w*z + 4*z = 39. What are the prime factors of c?
13
Suppose 2 = -4*t + 106. Suppose -20 = 2*k + 3*k, -2*s + 5*k = -t. List the prime factors of s.
3
Let b(v) = v**2 + 10*v + 15. Let d(j) = -2*j**2 - 20*j - 31. Let l(g) = -9*b(g) - 4*d(g). List the prime factors of l(-8).
5
Let m(i) = i**3 - 8*i**2 + 8*i - 6. Let a be m(6). Let w = -11 - a. List the prime factors of w.
19
Suppose 9 + 3 = 3*r. Suppose 3 + 13 = -r*m. List the prime factors of ((-3)/m)/((-2)/(-32)).
2, 3
Let x(z) = -z**3 + 5*z**2 - 4*z + 3. What are the prime factors of x(4)?
3
Let a = 38 + -9. List the prime factors of a.
29
Let o(m) = -3*m + 12. What are